ors of b(-3)?
2
List the prime factors of (1/(-4))/((-6)/552).
23
Let p = -26 + 37. List the prime factors of p.
11
Let b be 150/35 - (-2)/(-7). Let q be (1 + -2)/(b/(-12)). Suppose q*p + 2 - 29 = 0. What are the prime factors of p?
3
Suppose 0 = -2*k + k + 4. Suppose 0 = -5*w - k*h + 102, -10 = -3*w - 3*h + 53. What are the prime factors of ((-4)/(-12))/(2/w)?
3
Let t be 3/(-4) - 95/(-20). Suppose t*n - 2*n + 650 = 0. What are the prime factors of n/(-35) + (-4)/14?
3
Suppose -6*o = 4*o - 1610. What are the prime factors of o?
7, 23
Let g(i) = -i**3 + 2*i**2 - i - 1. Let z be g(2). Let x be 0/(z/1)*1. List the prime factors of (-9 + 0)/(-1 + x).
3
Suppose -2*w - 2*l = 3*w - 293, 3*l = 5*w - 273. What are the prime factors of 6/(-15) + w/5?
11
Let d = 6 + -12. Let t(f) = -f**3 - 2 + 6*f + f - 5*f**2 - 2*f. What are the prime factors of t(d)?
2
Suppose -4*f - o + 40 = 0, 2*o - 7 = -f + o. Suppose -5*g - f = -3*x - x, g - 50 = -5*x. Let v = -6 + x. What are the prime factors of v?
3
Suppose -11*x - 294 = -13*x. What are the prime factors of x?
3, 7
Let h(c) = -29*c - 5. Suppose -4*i + 0 = 8. List the prime factors of h(i).
53
Let p(h) = h**3 + 7*h**2 + 2*h + 2. Let v be p(-7). What are the prime factors of (-159)/(-12) - (-3)/v?
13
Suppose 5*s + 16 - 1 = -g, 5*g + 75 = s. What are the prime factors of (-1)/((g/(-24))/(-5))?
2
What are the prime factors of 2/3*(-477)/(-6)?
53
Let q(f) = f**3 - 15*f**2 - 12*f - 4. List the prime factors of q(16).
2, 3, 5
Suppose -4*t + 1316 = 3*o, 0*t + 2*o = 3*t - 1004. Let r be ((-2)/4)/((-2)/t). Suppose 5*w = r - 3. List the prime factors of w.
2
Let o = -11 + 13. Suppose -o*v = 4*q - v - 105, v = 2*q - 51. What are the prime factors of q?
2, 13
Suppose 0 = b - 165 + 53. What are the prime factors of b?
2, 7
Suppose -4*n - 80 = n. Let b = 33 + n. List the prime factors of b.
17
Let v(n) = 25*n - 4. Let p(m) = -25*m + 5. Let t(w) = -3*p(w) - 4*v(w). What are the prime factors of t(-1)?
2, 13
Suppose 9 = -2*m + 3*m. Suppose -y + 6 = 5*j, -2*y + 3 = 2*j - m. What are the prime factors of (-3)/y + (-46)/(-4)?
11
Let y = -9 - -13. Suppose 0 = 3*k + 5 + y. List the prime factors of (0/(-1) - k)*2.
2, 3
Let b(t) = t**2 - 12. Let z(q) = 2*q**2 - 24. Let g(v) = -13*b(v) + 6*z(v). What are the prime factors of g(0)?
2, 3
What are the prime factors of 1 - (-1 + (0 - 21))?
23
Let g(n) = -n**2 + 5*n + 7. Let q be g(6). Let s = q + 3. Suppose -4*v - s = -48. What are the prime factors of v?
11
Let b = 132 - -21. What are the prime factors of b?
3, 17
Let n(i) = i**2 + 5. Suppose g = -p - 1, -2 = 3*g - p + 1. Let w = 1 + g. What are the prime factors of n(w)?
5
Suppose -2*a + 2*i = 0, -5*a - 2*i + 6*i - 1 = 0. Let n(g) = -14*g + 1. What are the prime factors of n(a)?
3, 5
Let w(r) = r + 9. Let u be w(-7). Let c(a) = 3*a - u*a - 6 + 4*a. List the prime factors of c(4).
2, 7
Let l(w) = -w**2 + 7*w + 21. Let y be l(7). Let j = y - 0. What are the prime factors of j?
3, 7
Suppose 0 = v + 3*p + 9, 4*v + 8*p - 3*p + 57 = 0. Let u = -13 - v. List the prime factors of u.
5
Let g(l) = 2*l**3 - 7*l**2 - 2*l + 18. List the prime factors of g(6).
2, 3, 31
Suppose -8*r = -3*r - 40. Suppose 3*h + r = 7*h. Suppose -3*a = 2*b - 25, -5*b = -5*a + h*a + 32. What are the prime factors of a?
3
Let r = -6 + 8. Let p = 1 + r. List the prime factors of p.
3
Suppose 2*r - 118 = 2*n, -n = -5*r + 322 - 27. What are the prime factors of r?
59
Suppose o = 2*u + 62, o - 2*u - 224 = -3*o. List the prime factors of o.
2, 3
Let p be 0*(-3)/(-9) + 6. Suppose 3*x - 45 = -p. List the prime factors of x.
13
Let b be 6/15 - (-96)/10. Let q = b + -5. Suppose -53 = -q*y + y - 5*u, 4*y + 2*u = 38. What are the prime factors of y?
7
Suppose -9*o = -0*o - 54. What are the prime factors of o?
2, 3
Let k be 12/(-15)*10/(-4). Suppose 2*r + k = 3*r. Suppose -h + 36 = 4*g, r*h + 2*g = 6*g + 24. What are the prime factors of h?
2, 5
Let y be (-1 - 11)*(-2)/4. What are the prime factors of 12 - ((y - 3) + -2)?
11
Let m(k) = -5*k + 4. List the prime factors of m(-6).
2, 17
Let f be (12/8)/(2/12). Let x = 17 - f. What are the prime factors of x?
2
Let h = -9 - -44. List the prime factors of h.
5, 7
Suppose -2*q - 50 = -4*q. Suppose -4*k = 4*i - q - 35, -3 = -k - 4*i. What are the prime factors of k?
19
Suppose 5*k = 2*k + 180. Suppose -3*t + 3*x = -k, t + x + 0*x - 26 = 0. What are the prime factors of t?
23
Suppose 25 = -0*i - 5*i. Let b be ((-2)/i)/(3/15). List the prime factors of b + -2*(-22)/4.
13
Let m be (0*2/6)/(-2). Suppose m = -4*g + 3*s - 4 + 64, 0 = -4*g + s + 52. What are the prime factors of g?
2, 3
Let k(u) = -u - 1. List the prime factors of k(-3).
2
Let h = 304 + -761. What are the prime factors of h/(-8) - (-1)/(-8)?
3, 19
Let f(c) = -c**3 + 6*c**2 + 13*c - 6. Let x be f(9). What are the prime factors of x/15*10/(-4)?
2, 11
Let w(u) = 11*u**2 - u - 4. Let o be w(2). Let x = o - 16. List the prime factors of x.
2, 11
Suppose 4*p + 2*r = 82, 3*p = 3*r + 42 + 15. Let a = 42 - p. What are the prime factors of a?
2, 11
Suppose 3*m - 6*m + 5*i + 177 = 0, -335 = -5*m - 5*i. What are the prime factors of m?
2
Let y(h) = -h**2 - 4*h + 4. Let o be y(-4). Suppose -2*d - d + 221 = 5*b, -o*b = -d - 170. What are the prime factors of b?
43
Suppose -2*j + 50 = 3*j. What are the prime factors of j?
2, 5
Let t(b) = -b**2 + 12*b + 14. List the prime factors of t(10).
2, 17
Suppose -7 = 5*v + 4*z - 2, 4*v + 3*z = -5. Let m be (v/(-2))/(2/4). Suppose -5*u + m = -15. List the prime factors of u.
2
Let o = -11 - -20. Suppose 5*g = 4*g + 2. Suppose -q - g*h + 17 = 0, o*h = -q + 4*h + 29. List the prime factors of q.
3
Let z(p) be the first derivative of p**3/3 + p**2 - 4*p + 1. Let c be z(6). Suppose 0 = -3*s - 5 + c. List the prime factors of s.
13
Let x(k) = -6*k - 1. Let l be 3*1*1/(-3). Let p be x(l). Suppose -1 = -g - 5*b, 0*g + p*g = -5*b + 85. List the prime factors of g.
3, 7
Let c = 9 + 25. What are the prime factors of c?
2, 17
Let l = -221 + 434. What are the prime factors of l?
3, 71
Suppose g = 9 + 67. What are the prime factors of g?
2, 19
Let s be 6/1*(3 + -1). Let p = -4 + s. List the prime factors of p.
2
Suppose -3*k = n - 4*k - 58, 5*k + 184 = 3*n. What are the prime factors of n?
53
Suppose -3*v = 3*i - 189, -317 = -5*v - 6*i + 3*i. Let f = 93 - v. What are the prime factors of f?
29
Let f(j) = -j**3 - 7*j**2 + 5*j - 1. Let b = -11 - -4. Let q be f(b). Let w = 55 + q. List the prime factors of w.
19
Let j = -37 - -21. Let f = 22 + j. What are the prime factors of f?
2, 3
Suppose -6*m + 125 = -m. What are the prime factors of m?
5
Let g(j) = -j**2 + 6*j - 3. Let i be g(5). Suppose 0 = i*y - y. Suppose y*w + 7 = w. List the prime factors of w.
7
Let n = 0 - -3. Let p be ((-4)/5)/(n/(-30)). What are the prime factors of (-16)/p*5/(-1)?
2, 5
Suppose 4*j + 0*a - 5*a - 33 = 0, 0 = 5*j + a - 5. Suppose -28 = -j*f - 0*f. What are the prime factors of f?
2, 7
Let k(q) = -2*q - 12. Suppose 2*b + 14 = -2. Let s be k(b). List the prime factors of s*5/((-10)/(-3)).
2, 3
Suppose y - 58 = b, 0 = -3*y - 4*b - b + 134. List the prime factors of y.
53
Suppose -2 = -3*q + 1, 25 = 4*s + 5*q. Let i = s + -4. Let c(g) = 7*g**2 - g. What are the prime factors of c(i)?
2, 3
Let c be (1 + 2)/3*-7. Let w = -2 - c. What are the prime factors of w?
5
Suppose 0*c - a - 16 = 3*c, -7 = 2*c - 3*a. Let v be (0 + -1 - -1) + c. Let b(h) = -h**3 - 5*h**2 + 5. What are the prime factors of b(v)?
5
Suppose -3*q + 2*q = -2. Let w(o) = -2*o**q - 4*o**2 - 9 - 2*o - 3*o + 7*o**2. List the prime factors of w(8).
3, 5
Let l be (-4)/(-2) + (-90)/(-1). List the prime factors of 12/28 - l/(-14).
7
Let j be (1 - -13) + 2*1. Suppose -2*u = 2*v - j, 0*u + v = 5*u - 64. List the prime factors of u.
2, 3
Suppose -5*i - 2*s + 6*s + 73 = 0, 4*i + 5*s = 83. List the prime factors of i.
17
Let n be 1 - 11*(-2 + 1). Suppose 2*u = 3*u - n. List the prime factors of (-3)/u - 34/(-8).
2
Suppose 4*s = 2*q - 52, 5*s - 8 - 17 = 0. List the prime factors of q.
2, 3
Let x be -1 + 58 + 1 + 2. What are the prime factors of ((-16)/(-5))/(8/x)?
2, 3
Let k(j) = j**3 + 13*j**2 + 10. List the prime factors of k(-13).
2, 5
What are the prime factors of ((-17)/(-2)*12)/1?
2, 3, 17
Let p be 1 - (1*75 - -2). Let y = 1 + 8. List th